{"id":7765,"date":"2023-04-23T19:33:23","date_gmt":"2023-04-23T17:33:23","guid":{"rendered":"https:\/\/gabdesign.it\/?page_id=7765"},"modified":"2023-04-30T19:39:22","modified_gmt":"2023-04-30T17:39:22","slug":"personalizza-i-prodotti","status":"publish","type":"page","link":"https:\/\/gabdesign.it\/?page_id=7765","title":{"rendered":"Personalizza i prodotti"},"content":{"rendered":"\t\t<div data-elementor-type=\"wp-page\" data-elementor-id=\"7765\" class=\"elementor elementor-7765\">\n\t\t\t\t\t\t<section class=\"elementor-section elementor-top-section elementor-element elementor-element-685eea30 elementor-section-boxed elementor-section-height-default elementor-section-height-default\" data-id=\"685eea30\" data-element_type=\"section\" data-e-type=\"section\">\n\t\t\t\t\t\t<div class=\"elementor-container elementor-column-gap-default\">\n\t\t\t\t\t<div class=\"elementor-column elementor-col-100 elementor-top-column elementor-element elementor-element-16be8ae\" data-id=\"16be8ae\" data-element_type=\"column\" data-e-type=\"column\">\n\t\t\t<div class=\"elementor-widget-wrap elementor-element-populated\">\n\t\t\t\t\t\t<div class=\"elementor-element elementor-element-7eb13dc9 elementor-widget elementor-widget-text-editor\" data-id=\"7eb13dc9\" data-element_type=\"widget\" data-e-type=\"widget\" data-widget_type=\"text-editor.default\">\n\t\t\t\t<div class=\"elementor-widget-container\">\n\t\t\t\t\t        <div class=\"elementor-text-editor elementor-clearfix\"><p>Personalizzare l&#8217;abbigliamento da lavoro con il logo e i colori dell&#8217;azienda pu\u00f2 avere un impatto significativo sul branding dell&#8217;azienda. <\/p>\n<p>La personalizzazione dell&#8217;abbigliamento da lavoro consente di creare un&#8217;immagine unica e professionale per l&#8217;azienda, che pu\u00f2 essere riconosciuta e ricordata dai clienti e dai dipendenti.<\/p>\n<p>La personalizzazione dell&#8217;abbigliamento da lavoro pu\u00f2 anche contribuire a migliorare la coesione del team e l&#8217;immagine dell&#8217;azienda nei confronti del pubblico esterno. In questo modo, si creano condizioni ottimali per una maggiore identificazione dell&#8217;azienda con i suoi dipendenti e per una migliore percezione dell&#8217;immagine dell&#8217;azienda nel pubblico esterno.<\/p>\n<p>Gabdesign offre diverse modalit\u00e0 di personalizzazione dell&#8217;abbigliamento da lavoro, tra cui la stampa diretta e serigrafica sui capi, nonch\u00e9 il ricamo. La stampa diretta consente di trasferire l&#8217;immagine del logo o il disegno su un capo utilizzando una tecnologia di stampa a getto d&#8217;inchiostro, che consente di ottenere colori vivaci e dettagli precisi. La stampa serigrafica, invece, \u00e8 una tecnica di stampa in cui l&#8217;inchiostro viene trasferito sulla maglia attraverso uno schermo di seta, che consente di ottenere una qualit\u00e0 di stampa elevata e duratura.<\/p>\n<p>Infine, il ricamo \u00e8 un&#8217;altra opzione di personalizzazione dell&#8217;abbigliamento da lavoro. Il ricamo \u00e8 una tecnica di personalizzazione che utilizza fili di seta o cotone per creare disegni o lettere sul tessuto. Il ricamo \u00e8 una tecnica di personalizzazione molto elegante e duratura che aggiunge un tocco di classe e di professionalit\u00e0 all&#8217;abbigliamento da lavoro personalizzato.<\/p>\n<p>In sintesi, la personalizzazione dell&#8217;abbigliamento da lavoro \u00e8 un modo efficace per migliorare il branding e l&#8217;immagine dell&#8217;azienda. Gabdesign offre diverse modalit\u00e0 di personalizzazione dell&#8217;abbigliamento da lavoro, tra cui la stampa diretta e serigrafica sui capi, nonch\u00e9 il ricamo, per garantire ai propri clienti un&#8217;ampia gamma di scelte e di possibilit\u00e0 di personalizzazione.<\/p>\n<p><\/p><\/div>\n        \t\t\t\t<\/div>\n\t\t\t\t<\/div>\n\t\t\t\t\t<\/div>\n\t\t<\/div>\n\t\t\t\t\t<\/div>\n\t\t<\/section>\n\t\t\t\t<\/div>\n\t\t","protected":false},"excerpt":{"rendered":"<p>Personalizzare l&#8217;abbigliamento da lavoro con il logo e i colori dell&#8217;azienda pu\u00f2 avere un impatto significativo sul branding dell&#8217;azienda. La personalizzazione dell&#8217;abbigliamento da lavoro consente di creare un&#8217;immagine unica e professionale per l&#8217;azienda, che pu\u00f2 essere riconosciuta e ricordata dai clienti e dai dipendenti. La personalizzazione dell&#8217;abbigliamento da lavoro pu\u00f2 anche contribuire a migliorare la &hellip; <\/p>\n<p class=\"link-more\"><a href=\"https:\/\/gabdesign.it\/?page_id=7765\" class=\"more-link\">Read More <span class=\"screen-reader-text\"> &#8220;Personalizza i prodotti&#8221;<\/span><\/a><\/p>\n","protected":false},"author":1,"featured_media":0,"parent":0,"menu_order":0,"comment_status":"closed","ping_status":"closed","template":"","meta":{"inline_featured_image":false,"footnotes":""},"class_list":["post-7765","page","type-page","status-publish","hentry"],"aioseo_notices":[],"jetpack_sharing_enabled":true,"_links":{"self":[{"href":"https:\/\/gabdesign.it\/index.php?rest_route=\/wp\/v2\/pages\/7765","targetHints":{"allow":["GET"]}}],"collection":[{"href":"https:\/\/gabdesign.it\/index.php?rest_route=\/wp\/v2\/pages"}],"about":[{"href":"https:\/\/gabdesign.it\/index.php?rest_route=\/wp\/v2\/types\/page"}],"author":[{"embeddable":true,"href":"https:\/\/gabdesign.it\/index.php?rest_route=\/wp\/v2\/users\/1"}],"replies":[{"embeddable":true,"href":"https:\/\/gabdesign.it\/index.php?rest_route=%2Fwp%2Fv2%2Fcomments&post=7765"}],"version-history":[{"count":7,"href":"https:\/\/gabdesign.it\/index.php?rest_route=\/wp\/v2\/pages\/7765\/revisions"}],"predecessor-version":[{"id":8081,"href":"https:\/\/gabdesign.it\/index.php?rest_route=\/wp\/v2\/pages\/7765\/revisions\/8081"}],"wp:attachment":[{"href":"https:\/\/gabdesign.it\/index.php?rest_route=%2Fwp%2Fv2%2Fmedia&parent=7765"}],"curies":[{"name":"wp","href":"https:\/\/api.w.org\/{rel}","templated":true}]}}