{"id":7762,"date":"2023-04-23T19:32:26","date_gmt":"2023-04-23T17:32:26","guid":{"rendered":"https:\/\/gabdesign.it\/?page_id=7762"},"modified":"2023-04-24T19:22:04","modified_gmt":"2023-04-24T17:22:04","slug":"termini-e-condizioni","status":"publish","type":"page","link":"https:\/\/gabdesign.it\/?page_id=7762","title":{"rendered":"Termini e Condizioni"},"content":{"rendered":"\t\t<div data-elementor-type=\"wp-page\" data-elementor-id=\"7762\" class=\"elementor elementor-7762\">\n\t\t\t\t\t\t<section class=\"elementor-section elementor-top-section elementor-element elementor-element-73b2141d elementor-section-boxed elementor-section-height-default elementor-section-height-default\" data-id=\"73b2141d\" data-element_type=\"section\" data-e-type=\"section\">\n\t\t\t\t\t\t<div class=\"elementor-container elementor-column-gap-default\">\n\t\t\t\t\t<div class=\"elementor-column elementor-col-100 elementor-top-column elementor-element elementor-element-29c975ab\" data-id=\"29c975ab\" data-element_type=\"column\" data-e-type=\"column\">\n\t\t\t<div class=\"elementor-widget-wrap elementor-element-populated\">\n\t\t\t\t\t\t<div class=\"elementor-element elementor-element-579ad6ba elementor-widget elementor-widget-text-editor\" data-id=\"579ad6ba\" data-element_type=\"widget\" data-e-type=\"widget\" data-widget_type=\"text-editor.default\">\n\t\t\t\t<div class=\"elementor-widget-container\">\n\t\t\t\t\t        <div class=\"elementor-text-editor elementor-clearfix\"><h2>Termini e condizioni generali di vendita<\/h2>\n<p>Gabdesign di Colagrossi Gabriele con sede legale in Campobasso, via Toscana, 21\/b C.F. CLGGRL74T23B519G e P.I. IT01460730706 \u00e8 titolare del sito wwwgabdesign.it<\/p>\n<h3>1.\u00a0 ACCETTAZIONE DELLE CONDIZIONI GENERALI DI VENDITA<\/h3>\n<p><strong>1.1 <\/strong>&#8211; Il contratto che viene stipulato tra Gabdesign di Colagrossi Gabriele ed il Cliente \u00e8 da intendersi concluso con l&#8217;accettazione, parziale o intera, dell&#8217;ordine da parte di Gabdesign di Colagrossi Gabriele. Tale accettazione si ritiene tacita, se non diversamente comunicato con qualsiasi modalit\u00e0 al Cliente. Effettuando un ordine nelle varie modalit\u00e0 previste, il Cliente dichiara di aver preso visione ed accettato tutte le indicazioni a lui fornite nelle varie fasi dell\u2019 acquisto, e di accettare integralmente le condizioni generali e di pagamento.<\/p>\n<p><strong>1.2<\/strong> &#8211; Se il Cliente \u00e8 un consumatore privato (ossia persona fisica che acquista la merce per scopi non riconducibili alla propria attivit\u00e0 professionale), conclusa la procedura d&#8217;acquisto online, provveder\u00e0 a stampare o salvare copia elettronica e comunque conservare le presenti condizioni generali di vendita, nel rispetto di quanto previsto dagli artt. 50 e ss del D.Lgs. 206\/05.<\/p>\n<p><strong>1.3<\/strong> \u2013 Si esclude ogni diritto del Cliente a risarcimento del danno o indennizzi, oltre ad ogni qualsiasi responsabilit\u00e0 contrattuale o extracontrattuale per danni diretti o indiretti a persone e\/o cose, provocati dalla mancata accettazione, totale o parziale di un ordine e per ogni uso improprio dei prodotti acquistati. Tutti i prodotti venduti da Gabdesign di Colagrossi Gabriele sono marcati CE, pertanto prima dell&#8217;utilizzo \u00e8 obbligo del consumatore prendere visione di tutte le misure di sicurezza indicate dall&#8217;azienda.<\/p>\n<p><strong>1.4<\/strong> &#8211; Gabdesign di Colagrossi Gabriele si riserva il diritto di annullare un ordine, a fronte della restituzione del corrispettivo pagato dall&#8217;acquirente, per mancanza di disponibilit\u00e0 del materiale o per altri motivi anche in fasi successive al pagamento. Si esclude inoltre ogni richiesta di risarcimento per la mancata disponibilit\u00e0 dei prodotti. L&#8217;acquirente avr\u00e0 diritto alla restituzione del totale pagato o potr\u00e0 vantare un credito di pari importo per la scelta di prodotti alternativi.<\/p>\n<p><strong>1.5<\/strong> &#8211; Gabdesign di Colagrossi Gabriele \u00e8 in possesso di tutti i prodotti per i quali \u00e8 espressamente indicata la disponibilit\u00e0 immediata. Tutti gli altri prodotti, per i quali vengono stimati i giorni necessari per effettuare la spedizione, vengono ordinati ai rispettivi fornitori al momento dell&#8217;accettazione dell&#8217;ordine. Il cliente prende atto che la data di spedizione prevista \u00e8 puramente indicativa e non fa fede nel rapporto con il cliente e con terzi, pertanto Gabdesign di Colagrossi Gabriele non risponde per ritardi causati dalla mancanza di disponibilit\u00e0 da parte del fornitore o per qualsiasi ritardo non direttamente imputabile a Gabdesign di Colagrossi Gabriele. Se per cause di forza maggiore non fosse possibile completare l&#8217;ordine anche oltre i tempi indicati, su richiesta del cliente Gabdesign di Colagrossi Gabriele provveder\u00e0 all&#8217;immediato rimborso del pagamento ed all&#8217;annullamento dell&#8217;ordine. In caso di pagamento tramite bonifico bancario, il cliente si impegna su richiesta di Gabdesign di Colagrossi Gabriele a fornire i dati necessari per effettuare il bonifico di storno del<\/p>\n<p><strong>1.6<\/strong> &#8211; Gabdesign di Colagrossi Gabriele non risponde per danni causati durante il trasporto da parte del vettore, unico responsabile per le merci trasportate. Ogni richiesta di sostituzione, reso o annullamento per questo tipo di danni pu\u00f2 essere inoltrata solo se all&#8217;atto della consegna ogni danno al confezionamento sia stato notificato al corriere tramite la &#8220;firma con riserva&#8221;. L&#8217;eventuale sostituzione del prodotto verr\u00e0 eseguita solo dopo tutti gli accertamenti effettuati al rientro del prodotto difettoso, entro e non oltre 30 giorni lavorativi (salvo disponibilit\u00e0 del sostituto).<\/p>\n<h3>2.\u00a0 MODALIT\u00c0 DI ACQUISTO<\/h3>\n<p><strong>2.1 <\/strong>&#8211; Il Cliente pu\u00f2 acquistare solo i prodotti presenti nel catalogo online del sito <a href=\"http:\/\/www.gabdesign.it\/\">gabdesign.it<\/a> al momento dell&#8217;inoltro dell&#8217;ordine, cos\u00ec descritti nelle relative schede tecniche ed informative, salvo modifiche migliorative del produttore. E\u2019 pacifico che l&#8217;immagine allegata alla scheda descrittiva di un prodotto pu\u00f2 non essere perfettamente identica in alcune sue caratteristiche ma differire per colore, dimensioni, prodotti accessori presenti in figura o semplicemente rappresentare la serie o la famiglia del prodotto. Tutte le informazioni a supporto dell\u2019acquisto (Glossario, Guide, ecc&#8230;) sono da intendersi come semplice materiale informativo generico, non riferibile alle reali caratteristiche di un singolo prodotto. Il prezzo indicato nelle schede prodotto \u00e8 IVA inclusa, al tasso vigente nel territorio italiano.<\/p>\n<p><strong>2.2<\/strong> &#8211; La ricezione dell&#8217;ordine viene confermata da Gabdesign di Colagrossi Gabriele tramite risposta via e-mail, inviata all&#8217;indirizzo di posta elettronica indicato dal Cliente. Tale messaggio di conferma riporter\u00e0 Data e Ora dell&#8217;ordine ed un Numero, da utilizzarsi in ogni eventuale comunicazione con Gabdesign di Colagrossi Gabriele. Il messaggio riporta i dati inseriti dal Cliente che si impegna a verificarne la correttezza e a comunicare tempestivamente eventuali correzioni, utilizzando ogni mezzo idoneo.<\/p>\n<p><strong>2.3 <\/strong>&#8211; In caso di mancata accettazione dell&#8217;ordine, Gabdesign di Colagrossi Gabriele provveder\u00e0 a dare tempestiva comunicazione al Cliente.<\/p>\n<h3>3.\u00a0 MODALITA&#8217; DI PAGAMENTO<\/h3>\n<p><strong>3.1 <\/strong>&#8211; Carta di credito, carta di debito, carta prepagata: in caso di acquisto dei prodotti con modalit\u00e0 di pagamento &#8220;Carta di Credito&#8221;, l\u2019addebito avverr\u00e0 al momento della conferma dell&#8217;ordine.<\/p>\n<p><strong>3.2 <\/strong>\u2013 Gabdesign di Colagrossi Gabriele si riserva il diritto di richiedere al Cliente informazioni supplementari (ad es. numero di telefono fisso) o l&#8217;invio di copia di documenti comprovanti la titolarit\u00e0 della Carta utilizzata. In mancanza della documentazione richiesta, Gabdesign di Colagrossi Gabriele si riserva il diritto di non accettare l&#8217;ordine.<\/p>\n<p><strong>3.3 <\/strong>\u2013 Durante e successivamente la procedura di acquisto Gabdesign di Colagrossi Gabriele \u00e8 in grado di venire a conoscenza di informazioni relative alla carta di credito dell&#8217;acquirente, trasmesse attraverso connessioni protette direttamente all\u2019istituto bancario che gestisce la transazione. Gabdesign di Colagrossi Gabriele pu\u00f2 conservare tali informazioni solo in caso di esplicita richiesta e consenso del cliente: Gabdesign di Colagrossi Gabriele garantisce che queste siano memorizzate secondo standard di sicurezza certificati e che siano visualizzati sempre in modalit\u00e0 mascherata.<\/p>\n<p><strong>3.4 <\/strong>&#8211; Contrassegno: in caso di acquisto con pagamento in Contrassegno, verr\u00e0 applicato all&#8217;importo totale un contributo supplementare a fronte dei costi di gestione del corriere, evidenziato chiaramente al momento della scelta della modalit\u00e0 di pagamento. Il pagamento, da effettuare direttamente al corriere, avverr\u00e0 al momento della consegna dei prodotti. E\u2019 possibile pagare esclusivamente in contanti, il corriere non effettuer\u00e0 consegna in caso di pagamento con<\/p>\n<p><strong>3.5 <\/strong>&#8211; Bonifico bancario anticipato: la modalit\u00e0 di pagamento per mezzo di bonifico bancario anticipato prevede che l&#8217;ordine venga elaborato ed evaso solo dopo l&#8217;accredito nel conto corrente indicato di Gabdesign di Colagrossi Gabriele. I dati necessari sono esposti sul sito e comunque vengono comunicati indicati al momento della conferma d\u2019ordine e nella e-mail inviata al Cliente. La causale del bonifico bancario dovr\u00e0 riportare necessariamente il numero d\u2019ordine, il nome ed cognome dell\u2019intestatario dell\u2019ordine.<\/p>\n<p><strong>3.6 <\/strong>\u2013 Pagamenti tramite Conto PayPal: nei casi di acquisto della merce con pagamenti tramite PayPal, contestualmente alla conclusione della transazione online, PayPal stesso provveder\u00e0 ad addebitare immediatamente l&#8217;importo relativo all&#8217;acquisto<\/p>\n<p><strong>3.7 <\/strong>\u2013 Durante e successivamente la procedura di acquisto Gabdesign di Colagrossi Gabriele \u00e8 in grado di venire a conoscenza di informazioni relative al conto PayPal del cliente, trasmesse attraverso connessioni protette direttamente all\u2019istituto bancario che gestisce la transazione. Gabdesign di Colagrossi Gabriele pu\u00f2 conservare tali informazioni solo in caso di esplicita richiesta e consenso del cliente: Gabdesign di Colagrossi Gabriele garantisce che queste siano memorizzate secondo standard di sicurezza certificati e che siano visualizzati sempre in modalit\u00e0<\/p>\n<h3>4.\u00a0 MODALIT\u00c0 E SPESE DI CONSEGNA<\/h3>\n<p><strong>4.1 <\/strong>\u2013 Gabdesign di Colagrossi Gabriele pu\u00f2 accettare ordini solo con consegna in territorio italiano e comunit\u00e0 europea, San Marino e Citt\u00e0 del Vaticano. Per localit\u00e0 disagiate, isole minori, Livigno e Campione d\u2019Italia sono previste delle maggiorazioni che saranno espressamente indicate prima del pagamento dell\u2019ordine.<\/p>\n<p><strong>4.2 <\/strong>&#8211; Le vendite ef<a href=\"http:\/\/www.gabdesign.it\/\">fettuate su www.gabdesign.it<\/a> sono assimilabili <strong>sono riconducibili alle vendite per corrispondenza e quindi senza obbligo di fattura come previsto nell\u2019articolo 22 del <\/strong><strong>d.P.R. n. 633 del 1972, e senza obbligo di emissione di scontrino fiscale come previsto nell\u2019articolo 2, lettera oo), del d.P.R. 21 dicembre 1996, n. 696<\/strong>. La fattura fiscale deve essere richiesta espressamente prima o contestualmente al perfezionamento dell&#8217;ordine.<\/p>\n<p><strong>4.3 <\/strong>&#8211; Le spese di consegna, ove presenti, sono a carico del Cliente e vengono specificate a parte in sede di effettuazione dell&#8217;ordine. Nulla \u00e8 dovuto in pi\u00f9 dal Cliente rispetto al totale dell&#8217;ordine.<\/p>\n<p><strong>4.4<\/strong> &#8211; Nessuna responsabilit\u00e0 pu\u00f2 essere imputata a Gabdesign di Colagrossi Gabriele in caso di ritardo nell&#8217;evasione dell&#8217;ordine o nella consegna da parte del vettore.<\/p>\n<p><strong>4.5<\/strong> &#8211; La consegna dell\u2019ordine si intende a piano strada salvo:<\/p>\n<ul>\n<li style=\"list-style-type: none;\">\n<ul>\n<li>diversa comunicazione al nostro servizio clienti,<\/li>\n<li>quanto previsto nelle specifiche e nella scheda tecnica del prodotto,<\/li>\n<\/ul>\n<\/li>\n<\/ul>\n<p>Al momento della consegna dei prodotti acquistati, il Cliente \u00e8 obbligatoriamente tenuto a controllare:<\/p>\n<ul>\n<li style=\"list-style-type: none;\">\n<ul>\n<li>che il numero dei colli corrisponda a quanto indicato nella conferma d\u2019ordine ed in ogni altra comunicazione successiva<\/li>\n<li>che l&#8217;imballo risulti integro, non danneggiato, non bagnato o comunque non alterato, anche e soprattutto nei materiali di chiusura (nastro adesivo o reggette).<\/li>\n<\/ul>\n<\/li>\n<\/ul>\n<p>Eventuali danni all&#8217;imballo, al prodotto o la mancata corrispondenza del numero dei colli o di eventuali indicazioni, devono essere immediatamente contestati, apponendo la dicitura RISERVA DI CONTROLLO SCRITTA (specificando accuratamente il motivo della riserva, es. &#8220;imballo bucato&#8221;, &#8220;imballo schiacciato&#8221;, \u201cpacco aperto\u201d) sul tagliando di consegna del corriere. Firmato il documento di consegna, non sar\u00e0 pi\u00f9 possibile opporre alcuna contestazione riguardo le caratteristiche esteriori di quanto consegnato.<\/p>\n<p>Eventuali problemi inerenti l&#8217;integrit\u00e0 fisica, la corrispondenza, la completezza e la correttezza dei prodotti ricevuti devono essere segnalati entro 3 giorni dalla consegna, secondo le modalit\u00e0 previste nel presente documento.<\/p>\n<p><strong>4.6 <\/strong>&#8211; In caso di mancato ritiro entro 5 giorni lavorativi dei prodotti acquistati in giacenza presso i magazzini del corriere a causa di reiterata impossibilit\u00e0 di consegna al recapito indicato nel modulo di pagamento da parte del Cliente al momento dell&#8217;ordine, quanto ordinato verr\u00e0 fatto riconsegnare presso i magazzini di Gabdesign di Colagrossi Gabriele.<\/p>\n<p>\u00a0<\/p>\n<p><strong>4.7 <\/strong>&#8211; In caso di restituzione di uno o pi\u00f9 prodotti acquistati, le modalit\u00e0 di consegna da parte del cliente a Gabdesign di Colagrossi Gabriele differiscono a seconda della categoria merceologica del prodotto o dei prodotti per il\/i quale\/i il cliente esprime la volont\u00e0 di avvalersi del suo diritto di recedere entro e non oltre 30 giorni dalla data di consegna, per la quale far\u00e0 fede la prova di consegna custodita dal vettore incaricato alla consegna finale.<\/p>\n<p>Per prodotti che il cliente intende rendere e appartenenti alle categorie merceologiche &#8220;Calzature antinfortunistiche&#8221; o &#8220;Abbigliamento da lavoro&#8221; il cliente sosterr\u00e0 interamente i costi per la restituzione dei prodotti presso i magazzini di Gabdesign di Colagrossi Gabriele, pena l&#8217;annullamento della richiesta di restituzione.<\/p>\n<p>La merce da restituire va spedita al seguente indirizzo:<\/p>\n<p><strong>Gabdesign di Colagrossi Gabriele &#8211; Via Toscana, 21\/b &#8211; 86100 Campobasso<\/strong><\/p>\n<h3>5.\u00a0 DIRITTO DI RECESSO<\/h3>\n<p><strong>\u00a05.1 <\/strong>&#8211; Ai sensi degli artt. 64 e ss del D.Lgs. 206\/05, se il cliente \u00e8 un consumatore (ossia persona fisica che fa acquisti per scopi non riconducibili alla propria attivit\u00e0 professionale, ovvero non effettua l&#8217;acquisto indicando nel modulo d&#8217;ordine un riferimento di Partita IVA), ha diritto a recedere dal contratto di acquisto per qualsiasi motivo, senza necessit\u00e0 di fornire spiegazioni e senza alcuna penalit\u00e0.<\/p>\n<p><strong>5.2 <\/strong>&#8211; Per esercitare tale diritto, il cliente dovr\u00e0, entro 14 giorni lavorativi dalla data di ricevimento dei prodotti, contattare il servizio clienti Gabdesign al numero oppure inviare una comunicazione mediante lettera raccomandata con ricevuta di ritorno, specificando di volersi avvalere del diritto di recesso a:<\/p>\n<p>Gabdesign di Colagrossi Gabriele Via Toscana, 21\/b<\/p>\n<p>86100 Campobasso <a href=\"mailto:info@gabdesign.it\">info@gabdesign.it<\/a> Telefono 0874.482332<\/p>\n<p>Il responsabile del servizio clienti di Gabdesign di Colagrossi Gabriele indicher\u00e0 al cliente le modalit\u00e0 per saldare le eventuali spese di restituzione di cui al punto 4.7, una volta che il prodotto avr\u00e0 fatto rientro secondo le modalit\u00e0 spiegate al punto 4.7, Gabdesign di Colagrossi Gabriele entro 30 giorni dal rientro della merce (periodo entro il quale verr\u00e0 controllata l\u2019integrit\u00e0 e la funzionalit\u00e0 del prodotto e dell\u2019imballo), provveder\u00e0 al riaccredito dell&#8217;importo dopo aver verificato l&#8217;integrit\u00e0 della merce. Il riaccredito avverr\u00e0 solo ed esclusivamente tramite bonifico bancario per ordini precedentemente pagati tramite bonifico (3.5) o contanti alla consegna (3.4) sar\u00e0 cura del cliente indicare tempestivamente le coordinate bancarie. Gli ordini precedentemente pagati tramite Carta di credito, carta di debito, carta prepagata o conto PayPal riceveranno il riaccredito del denaro sulla rispettiva carta di credito, carta di debito, carta prepagata o conto PayPal.<\/p>\n<p>La merce dovr\u00e0 essere restituita integra e funzionale, completa di tutte le sue componenti e negli imballi originali e incolumi (buste e confezioni), custodita ed eventualmente utilizzata secondo la normale diligenza, in totale assenza di usura o sporcizia.<\/p>\n<p><strong>5.3 <\/strong>&#8211; Il diritto di recesso \u00e8 sottoposto a queste condizioni:<\/p>\n<ul>\n<li style=\"list-style-type: none;\">\n<ul>\n<li>si applica al prodotto acquistato nella sua interezza; non \u00e8 possibile esercitare recesso solamente su frazione del prodotto acquistato<\/li>\n<li>non si applica: (i) ai prodotti audiovisivi o a software informatici sigillati (compresi quelli allegati a materiale hardware), una volta aperti; (ii) ai prodotti confezionati su misura o chiaramente personalizzati.<\/li>\n<li>il bene acquistato dovr\u00e0 essere integro e restituito nella confezione originale, completa in tutte le sue parti (compresi imballo ed eventuale documentazione accessoria ); \u00e8 da evitare in ogni caso l&#8217;apposizione di etichette o nastri adesivi direttamente sulla confezione originale del prodotto;<\/li>\n<li>la spedizione e l\u2019integrit\u00e0 del prodotto, fino al ricevimento nel nostro magazzino, \u00e8 sotto la completa responsabilit\u00e0 del Cliente;<\/li>\n<li>al suo arrivo in magazzino, il prodotto sar\u00e0 esaminato per valutare danni, manomissioni e mancanza di parti dello stesso non derivanti dal trasporto. Qualora la confezione e\/o l&#8217;imballo risultino rovinati, Gabdesign di Colagrossi Gabriele potr\u00e0 trattenere dal rimborso dovuto una percentuale, entro e non oltre al 10% dello stesso, quale contributo alle spese di ripristino.<\/li>\n<\/ul>\n<\/li>\n<\/ul>\n<p><strong>5.4 <\/strong>&#8211; Il diritto di recesso decade per intero, a causa della mancanza della condizione essenziale di integrit\u00e0 del bene (confezione &#8211; contenuto), nei casi in cui Gabdesign di Colagrossi Gabriele accerti:<\/p>\n<ul>\n<li style=\"list-style-type: none;\">\n<ul>\n<li>l&#8217;utilizzo non convenzionale del bene che ha causato l\u2019usura e la rovina del bene, o l&#8217;utilizzo di eventuali materiali di consumo;<\/li>\n<li>la mancanza della confezione esterna, dell&#8217;imballo interno originale o parte di esso;<\/li>\n<li>l&#8217;assenza di elementi integranti allegati originariamente al prodotto;<\/li>\n<li>il danneggiamento del prodotto per cause diverse dal suo trasporto.<\/li>\n<\/ul>\n<\/li>\n<\/ul>\n<p>In caso di decadenza del diritto di recesso, la merce sar\u00e0 messa a disposizione a disposizione del Cliente per il ritiro a Suo carico presso la sede di Gabdesign di Colagrossi Gabriele.<\/p>\n<h3>6.\u00a0 GARANZIE<\/h3>\n<p><strong>\u00a0<\/strong>Tutti i prodotti venduti da Gabdesign di Colagrossi Gabriele sono coperti da garanzia del produttore e dalla garanzia di 24 mesi per i difetti di conformit\u00e0, ai sensi del D.Lgs. 206\/05. Per fruire dell&#8217;assistenza in garanzia, il Cliente dovr\u00e0 conservare la ricevuta fiscale.<\/p>\n<p><strong>6.1 <\/strong>&#8211; La garanzia di 24 mesi ai sensi del Dlgs 206\/05 si applica al prodotto che presenti un difetto di conformit\u00e0, purch\u00e9 il prodotto stesso sia utilizzato in modo conforme, nel rispetto della sua destinazione d&#8217;uso e di quanto previsto nella documentazione tecnica allegata. Tale garanzia \u00e8 riservata al Consumatore privato (persona fisica che acquista la merce per scopi non riferibili alla propria attivit\u00e0 professionale, ovvero effettua l&#8217;acquisto senza indicare nel modulo d&#8217;ordine un riferimento di Partita IVA). In caso di difetto di conformit\u00e0, Gabdesign di Colagrossi Gabriele. provvede, senza spese per il Cliente, ad indicare uno o pi\u00f9 centri assistenza per la riparazione della difformit\u00e0.<\/p>\n<p><strong>6.2 <\/strong>&#8211; I tempi di riparazione o eventuale sostituzione del prodotto dipendono esclusivamente dalle politiche del produttore e del centro assistenza associato e nessun danno pu\u00f2 essere richiesto a Gabdesign di Colagrossi Gabriele per eventuali ritardi nell&#8217;effettuazione di riparazioni o sostituzioni.<\/p>\n<p><strong>6.3 <\/strong>&#8211; Nei casi in cui le specifiche della garanzia preveda la restituzione del prodotto, il bene dovr\u00e0 essere restituito dal Cliente nella confezione originale, completa in tutte le sue parti (compresi imballo ed eventuale documentazione e dotazione accessoria: manuali, cavi, ecc&#8230;); per limitare danneggiamenti alla confezione originale, consigliamo l\u2019utilizzo in fase di imballo di una seconda confezione.<\/p>\n<h3>7.\u00a0 Comunicazioni e Trattamento dati personali<\/h3>\n<p>Con l\u2019entrata in vigore del D.Lgs 196\/03, recante disposizioni per la tutela delle persone e degli altri soggetti rispetto al trattamento dei dati personali, il personale addetto della Gabdesign di Colagrossi Gabriele, in qualit\u00e0 di Titolare del trattamento, \u00e8 tenuto a fornire alcune informazioni riguardanti l&#8217;utilizzo dei dati personali.<\/p>\n<p><strong>7.1 <\/strong>&#8211; Con l&#8217;accettazione delle condizioni Generali di Vendita si ritengono sottoscritte e accettate anche il trattamento dei dati personali in conformit\u00e0 della legislazione vigente.<\/p>\n<p><strong>7.2 <\/strong>&#8211; Con l&#8217;accettazione delle Condizioni Generali di Vendita si accetta anche la ricezione di comunicazioni di offerte commerciali tramite Newsletter o posta ordinaria da parte di Gabdesign di Colagrossi Gabriele. fatta salva la possibilit\u00e0 per il cliente di cancellazione o disiscrizione in <a href=\"mailto:info@gabdesign.it\">qualsiasi momento attraverso una comunicazione all&#8217;indirizzo mail info@gabdesign.it.<\/a><\/p>\n<p><strong>7.3<\/strong> &#8211; Il trattamento dei dati avverr\u00e0 mediante strumenti idonei a garantire la sicurezza e la riservatezza e i dati verranno trattati principalmente con strumenti informatici e memorizzati sia su supporti informatici che su supporti cartacei che su ogni altro tipo di supporto idoneo. Informiamo inoltre che i dati personali saranno trattati nel rispetto delle modalit\u00e0 indicate nel D.Lgs 196\/2003, il quale prevede, tra l\u2019altro, che i dati stessi siano:<\/p>\n<ul>\n<li style=\"list-style-type: none;\">\n<ul>\n<li>trattati in modo lecito e secondo correttezza;<\/li>\n<li>raccolti e registrati per scopi determinati, espliciti e legittimi;<\/li>\n<li>esatti e, se necessario, aggiornati;<\/li>\n<li>pertinenti, completi e non eccedenti rispetto alle formalit\u00e0 del trattamento.<\/li>\n<\/ul>\n<\/li>\n<\/ul>\n<p><strong>7.4 <\/strong>&#8211; I dati riguardanti il domicilio, il recapito telefonico, l&#8217;indirizzo email ed eventuali informazioni supplementari, verranno comunicate al corriere scelto per la spedizione per facilitare la consegna. Qualora l&#8217;acquirente non volesse condividere il proprio numero telefonico, dovr\u00e0 comunicarlo tramite posta elettronica prima della preparazione della spedizione.<\/p>\n<p>Il trattamento dei dati viene effettuato dall\u2019eventuale responsabile e dagli incaricati preventivamente nominati in base agli art. 29 e 30, i quali operano sotto il controllo e la responsabilit\u00e0 del Titolare.<\/p>\n<h3>8.\u00a0 Promozioni e sconti<\/h3>\n<p><strong>\u00a0<\/strong><a href=\"http:\/\/www.gabdesign.it\/\">Le promozioni e ed i buoni sconto presenti su www.gabdesign.it<\/a> non sono cumulabili tra loro se non diversamente indicato.<\/p>\n<p>\u00a0<\/p>\n<p>documento redatto in data 24 Aprile 2023.<\/p><\/div>\n        \t\t\t\t<\/div>\n\t\t\t\t<\/div>\n\t\t\t\t\t<\/div>\n\t\t<\/div>\n\t\t\t\t\t<\/div>\n\t\t<\/section>\n\t\t\t\t<\/div>\n\t\t","protected":false},"excerpt":{"rendered":"<p>Termini e condizioni generali di vendita Gabdesign di Colagrossi Gabriele con sede legale in Campobasso, via Toscana, 21\/b C.F. CLGGRL74T23B519G e P.I. IT01460730706 \u00e8 titolare del sito wwwgabdesign.it 1.\u00a0 ACCETTAZIONE DELLE CONDIZIONI GENERALI DI VENDITA 1.1 &#8211; Il contratto che viene stipulato tra Gabdesign di Colagrossi Gabriele ed il Cliente \u00e8 da intendersi concluso con &hellip; <\/p>\n<p class=\"link-more\"><a href=\"https:\/\/gabdesign.it\/?page_id=7762\" class=\"more-link\">Read More <span class=\"screen-reader-text\"> &#8220;Termini e Condizioni&#8221;<\/span><\/a><\/p>\n","protected":false},"author":1,"featured_media":0,"parent":0,"menu_order":0,"comment_status":"closed","ping_status":"closed","template":"","meta":{"inline_featured_image":false,"footnotes":""},"class_list":["post-7762","page","type-page","status-publish","hentry"],"aioseo_notices":[],"jetpack_sharing_enabled":true,"_links":{"self":[{"href":"https:\/\/gabdesign.it\/index.php?rest_route=\/wp\/v2\/pages\/7762","targetHints":{"allow":["GET"]}}],"collection":[{"href":"https:\/\/gabdesign.it\/index.php?rest_route=\/wp\/v2\/pages"}],"about":[{"href":"https:\/\/gabdesign.it\/index.php?rest_route=\/wp\/v2\/types\/page"}],"author":[{"embeddable":true,"href":"https:\/\/gabdesign.it\/index.php?rest_route=\/wp\/v2\/users\/1"}],"replies":[{"embeddable":true,"href":"https:\/\/gabdesign.it\/index.php?rest_route=%2Fwp%2Fv2%2Fcomments&post=7762"}],"version-history":[{"count":4,"href":"https:\/\/gabdesign.it\/index.php?rest_route=\/wp\/v2\/pages\/7762\/revisions"}],"predecessor-version":[{"id":7889,"href":"https:\/\/gabdesign.it\/index.php?rest_route=\/wp\/v2\/pages\/7762\/revisions\/7889"}],"wp:attachment":[{"href":"https:\/\/gabdesign.it\/index.php?rest_route=%2Fwp%2Fv2%2Fmedia&parent=7762"}],"curies":[{"name":"wp","href":"https:\/\/api.w.org\/{rel}","templated":true}]}}